{"id":59,"date":"2025-04-18T15:19:00","date_gmt":"2025-04-18T15:19:00","guid":{"rendered":"https:\/\/www.sags-online.com\/sybian\/?page_id=59"},"modified":"2025-04-18T15:21:06","modified_gmt":"2025-04-18T15:21:06","slug":"impressum","status":"publish","type":"page","link":"https:\/\/www.sags-online.com\/sybian\/impressum\/","title":{"rendered":"Impressum"},"content":{"rendered":"\n<figure class=\"wp-block-image size-full\"><img loading=\"lazy\" decoding=\"async\" width=\"200\" height=\"157\" src=\"https:\/\/www.sags-online.com\/sybian\/wp-content\/uploads\/2025\/04\/name-transparent-s.png\" alt=\"\" class=\"wp-image-61\"\/><\/figure>\n\n\n\n<p>info(at)Sybianverleih.de<\/p>\n\n\n\n<p>Unsere Firma wurde bereits Mitte 2001 gegr\u00fcndet. Mittlerweile&nbsp;d\u00fcrfen wir uns um \u00fcber 8000 zufriedene Kunden k\u00fcmmern und&nbsp;bieten auch den \u201eSybian\u201c und die \u201eVenus 2000\u201c zur Miete an.<\/p>\n\n\n\n<p>Aufgrund der inzwischen sehr hohen Anzahl an Ger\u00e4ten k\u00f6nnen wir Ihnen sogar individuelle und Ihren W\u00fcnschen entsprechende Mietzeitr\u00e4ume anbieten.<\/p>\n\n\n\n<p>Wir sind autorisierter Vertriebspartner von \u201eABCO Research Associates USA\u201c (dem Hersteller der \u201eVenus 2000\u201c und des \u201eSybian\u201c) und in Europa auch autorisierter Service- und Reparatur-Partner f\u00fcr diese Ger\u00e4te.<\/p>\n","protected":false},"excerpt":{"rendered":"<p>info(at)Sybianverleih.de Unsere Firma wurde bereits Mitte 2001 gegr\u00fcndet. Mittlerweile&nbsp;d\u00fcrfen wir uns um \u00fcber 8000 zufriedene Kunden k\u00fcmmern und&nbsp;bieten auch den \u201eSybian\u201c und die \u201eVenus 2000\u201c zur Miete an. Aufgrund der inzwischen sehr hohen Anzahl an Ger\u00e4ten k\u00f6nnen wir Ihnen sogar individuelle und Ihren W\u00fcnschen entsprechende Mietzeitr\u00e4ume anbieten. Wir sind autorisierter Vertriebspartner von \u201eABCO Research Associates [&hellip;]<\/p>\n","protected":false},"author":1,"featured_media":0,"parent":0,"menu_order":0,"comment_status":"closed","ping_status":"closed","template":"","meta":{"_acf_changed":false,"footnotes":""},"class_list":["post-59","page","type-page","status-publish","hentry"],"acf":[],"_links":{"self":[{"href":"https:\/\/www.sags-online.com\/sybian\/wp-json\/wp\/v2\/pages\/59","targetHints":{"allow":["GET"]}}],"collection":[{"href":"https:\/\/www.sags-online.com\/sybian\/wp-json\/wp\/v2\/pages"}],"about":[{"href":"https:\/\/www.sags-online.com\/sybian\/wp-json\/wp\/v2\/types\/page"}],"author":[{"embeddable":true,"href":"https:\/\/www.sags-online.com\/sybian\/wp-json\/wp\/v2\/users\/1"}],"replies":[{"embeddable":true,"href":"https:\/\/www.sags-online.com\/sybian\/wp-json\/wp\/v2\/comments?post=59"}],"version-history":[{"count":2,"href":"https:\/\/www.sags-online.com\/sybian\/wp-json\/wp\/v2\/pages\/59\/revisions"}],"predecessor-version":[{"id":64,"href":"https:\/\/www.sags-online.com\/sybian\/wp-json\/wp\/v2\/pages\/59\/revisions\/64"}],"wp:attachment":[{"href":"https:\/\/www.sags-online.com\/sybian\/wp-json\/wp\/v2\/media?parent=59"}],"curies":[{"name":"wp","href":"https:\/\/api.w.org\/{rel}","templated":true}]}}